ime factors of g(-13)?
3, 709
List the prime factors of 35536/((-24)/(-3)) + 5.
4447
Let k be 4/(-3 - -15)*21 - -4. Let t = -2 - -6. Suppose -k = 2*z - t*r - 145, -4*r = z - 61. What are the prime factors of z?
5, 13
Let z(w) = 6*w - 4. Let j be z(2). Suppose k - 6 = m - 2, 2*m + 2*k = j. Suppose 3*s + m*s = 138. List the prime factors of s.
2, 23
Let t be -2 + 1 - (16 + -1). Let k = -14 - t. Suppose 3*a + 4*l - 139 = 0, -k*a + 217 = 2*a - l. What are the prime factors of a?
53
Suppose d = -28 + 6. List the prime factors of (-208)/(-6) + d/33.
2, 17
Let s(w) = -3*w**2 + 30*w - 4. Suppose -6*v = -4 - 38. List the prime factors of s(v).
59
Let z be 6/(-8) + (-909)/(-12). Let f = z - 42. List the prime factors of f.
3, 11
Suppose -j + 57 = -3*l, -j + 3*l + 183 = 2*j. List the prime factors of j.
3, 7
Let t(q) = q**2 - 4*q - 7. Let m be t(6). Let l(g) = -g**3 - 12 + 8*g**2 - 14*g**2 - 4*g**2 - m*g. List the prime factors of l(-10).
2, 19
Let s(k) be the first derivative of k**2/2 + k + 3. Let r be s(1). Suppose -2*q + 8 = -r*t + 50, t = -5*q + 9. What are the prime factors of t?
19
Suppose 12 = 7*z - 3*z. Suppose -3*h - 18 = -x, 0 = x - 5*x + 2*h + 22. Suppose -x = z*f - 30. List the prime factors of f.
3
Suppose 38 = 4*a - 2. Suppose -a*d = -6*d - 208. What are the prime factors of d?
2, 13
Let x(i) be the third derivative of -i**6/60 - i**5/30 + i**4/24 + i**3/3 - i**2. Let u be x(-3). Let n = u + -21. List the prime factors of n.
2, 7
Suppose 6*i + 4614 = 8*i - v, -2*i + 2*v + 4616 = 0. List the prime factors of i.
2, 1153
Let b = -14 + 14. Suppose 0*m + m = b. Suppose -3*z + 51 = -m*z. What are the prime factors of z?
17
Let i = 483 + -317. List the prime factors of i.
2, 83
Let l(v) = -60*v + 17. Let j(d) = -59*d + 16. Let f(n) = -5*j(n) + 4*l(n). List the prime factors of f(3).
3, 17
Let w(n) = 13*n**2 + 5 - n**3 - n - 16 - 19*n**2. List the prime factors of w(-8).
5
Let d = -626 - -1079. List the prime factors of d.
3, 151
Let l(t) = 8 + 5 + 30 - 6*t - t**3 + 10*t**2 - 7. What are the prime factors of l(7)?
3, 47
Let k = 738 - 636. Let d(n) = -n**3 + 5*n**2 - 4*n + 3. Let j be d(4). Suppose m + k = j*m. What are the prime factors of m?
3, 17
Suppose -x = 3*t + 15, -t + 0 = 3*x + 5. Suppose x = -2*m + 10, 4*m - 478 = -2*w - 0*w. What are the prime factors of w?
229
Let h = -784 - -1167. What are the prime factors of h?
383
Let n = -524 + 360. Let m = -40 - n. Suppose 2*l + 4*f = 8*f + 32, m = 5*l + f. What are the prime factors of l?
2, 3
Suppose -3*q - h = -4*h - 9, h - 3 = -2*q. Let c be -5 + 1 + 6/q. Let o(k) = -18*k + 1. List the prime factors of o(c).
19
Suppose 13*t = 9*t - 4. List the prime factors of 59/t*(0 + -1).
59
List the prime factors of 21/14*-2 - 40/(-4).
7
Let s(n) = 205*n**2 - n. What are the prime factors of s(-2)?
2, 3, 137
Let z(l) = -l**2 + 6*l + 1. Let n be z(6). Let i = 74 + -73. What are the prime factors of (1 - n) + (4 - i)?
3
Let r(g) = 2*g**2 - 11*g - 13. Let v be r(6). What are the prime factors of (((-122)/(-8))/(-1))/(v/56)?
2, 61
List the prime factors of 12/(-22) - 1150/(-11).
2, 13
Let v(l) = l**2 + l. Let q(h) = -5*h**2 + 12*h + 5. Let x(t) = -q(t) - 6*v(t). List the prime factors of x(-13).
2, 3, 5
Suppose y + 94 = 4*a, 3*a - a = 5*y + 416. Let d = -214 + 169. Let h = d - y. What are the prime factors of h?
37
Let n = -46 - -52. Suppose 4*p + 176 = n*p. What are the prime factors of p?
2, 11
Let l(x) = 11*x + 6. Let n be l(-4). Let f be (4 - 138/3)*6/(-4). Let s = n + f. List the prime factors of s.
5
Suppose -c = -0*c + 2*s - 28, c - 5*s = -7. Let h be 400/c + (-8)/36. Suppose 3*o + 4*u = 123, 2*o - 55 = -u + h. What are the prime factors of o?
37
What are the prime factors of (-14)/(4 + 53/(-13))?
2, 7, 13
Let k be 2/(-4)*(-52)/13. List the prime factors of 16/4 + 390/k.
199
Suppose 0 = 6*d - d + 110. Let q be 4/d - (-1608)/132. Suppose -3 = 3*y - q. List the prime factors of y.
3
Suppose -3*q - 118 = -2*t + 121, t - 139 = -5*q. Let u = -60 + t. What are the prime factors of u?
2
Let b be (2/5)/(7/35). Suppose 5*d = -m + 171, -6*m + 5*d = -b*m - 684. Suppose -3*i + 0 = -m. What are the prime factors of i?
3, 19
Let t(h) = -h - 4. Let y be t(6). Let s be ((-8)/y)/(4/330). Suppose r + 4*p - 24 = 0, 0 = -2*r - 5*p - 12 + s. List the prime factors of r.
2
Suppose -158*g - 33792 = -174*g. What are the prime factors of g?
2, 3, 11
Let z(m) = -m + 3. Let r be z(0). Suppose 0*f + r*f = 495. Suppose -n = 4*n - f. List the prime factors of n.
3, 11
Let n(o) = 3*o**2 - o + 2. Let a(d) = -13*d**2 + 3*d - 8. Let u(p) = 2*a(p) + 9*n(p). Let y be u(5). Suppose 3*s = 2*s + y. List the prime factors of s.
2, 3
Suppose 2*p = -8*m + 12*m + 28, -5*m = p + 14. Suppose -p*q = -21*q + 2760. What are the prime factors of q?
2, 23
Suppose 19*b = 4772 + 1783. What are the prime factors of b?
3, 5, 23
Suppose 4*n = 86 + 170. Let t = -39 + 5. Let u = t + n. List the prime factors of u.
2, 3, 5
Let s = 946 - 548. List the prime factors of s.
2, 199
Let y be 6/21 - (4 - (-94)/(-14)). Suppose 5*i = -y*n + 147, -4*i - 49 = -2*n + n. What are the prime factors of n?
7
Let j(i) = 164*i**2 + 19*i - 1. List the prime factors of j(-1).
2, 3
Suppose 0 = -3*p + 36 + 12. Let k = p + -12. Suppose k*c - 5*z = -c + 370, 0 = -4*z + 12. What are the prime factors of c?
7, 11
Suppose 2*m = 4*y + 4819 - 1913, 4*y - 7293 = -5*m. What are the prime factors of m?
31, 47
Let c = 67 + -64. Suppose -4*h + c*b + 62 = -430, 0 = -5*h + 5*b + 615. List the prime factors of h.
3, 41
Suppose -2*a - 5*s = -4 - 4, -2*a - 6 = -2*s. Suppose -5*d = 5*h, 0 = -3*d - d + 5*h. List the prime factors of (d - a)/(15/315).
3, 7
Let n(g) = 6*g**2 - 7*g - 6. Let s(y) = y**3 + 5*y**2 - 6*y - 5. Let i(w) = 5*n(w) - 6*s(w). List the prime factors of i(-2).
2, 23
Let g = -3 - -8. Suppose -304 = -g*t - 3*i + 4*i, 2*t - 3*i - 119 = 0. Let f = t + -32. List the prime factors of f.
29
Let q be 1*2/(-4)*38. Let y = q - -5. Let i = 47 + y. List the prime factors of i.
3, 11
Suppose 0 = -28*r + 34*r - 8610. List the prime factors of r.
5, 7, 41
Let a be 6/(-15) + (-628)/5. List the prime factors of (-2)/7 + (-8856)/a.
2, 5, 7
Let k(l) = -217*l**3 - l. What are the prime factors of k(-1)?
2, 109
Let u(y) = -977*y + 80. What are the prime factors of u(-2)?
2, 3, 113
Let h be 2 - 1*2/(-2). Suppose 4*b = h*b - 15. Let f = b - -36. List the prime factors of f.
3, 7
Suppose 2*d - 34 + 8 = -2*g, -5*g + 45 = -5*d. Suppose -2*m - g = 15. Let l = m - -38. List the prime factors of l.
5
Suppose 0 = 2*f - 4*x - 1956, -f + 114 = x - 864. What are the prime factors of f?
2, 3, 163
Let a = 12 - 9. Suppose -5*x + 43 = a*s - 0*x, 4*s - 29 = -x. Suppose 3*g - 5*y = 70, -96 = 2*g - s*g + 4*y. What are the prime factors of g?
5
Let v = 187 + -77. Let i be (-287)/6 + (-58)/(-12) + -5. Let q = v + i. List the prime factors of q.
2, 31
Let w(x) = -2*x**3 - 4*x**2 - 4*x - 1. Let y be w(-2). Let l(r) = -r**3 + 7*r**2 + 9*r - 13. What are the prime factors of l(y)?
2, 5
Suppose 209*c = 206*c + 3045. What are the prime factors of c?
5, 7, 29
Suppose 12*i + 9 = 1005. List the prime factors of i - (2 + 0) - -4.
5, 17
Let c be ((-57)/15)/(1/(-5)). Let l = 19 + c. What are the prime factors of l?
2, 19
Let c(u) = -u**2 + 2. Let q be c(0). Let d(k) = 5 - q*k + 10 - 5 - 1. List the prime factors of d(-10).
29
Suppose -40*p = -36*p - 2468. What are the prime factors of p?
617
Let h(x) = -12*x - 24. Suppose -6*p - 31 - 11 = 0. What are the prime factors of h(p)?
2, 3, 5
Let m(i) = -2*i**3 + i**2 + i + 1. Suppose 6*t = 8*t - 4. Let h be m(t). What are the prime factors of (3/h)/(1/(-69))?
23
Let p(n) = 3*n**2 + 21*n - 104. List the prime factors of p(11).
2, 5, 7
Let n = 621 - 163. List the prime factors of n.
2, 229
Suppose 4*s = -9 - 7. List the prime factors of 1722/70 + s/(-10).
5
What are the prime factors of (5 + -3)/((-6)/1)*-4107?
37
Suppose -579*j + 582*j - 2517 = 0. List the prime factors of j.
839
Let k = -3479 + 7711. List the prime factors of k.
2, 23
Let q(x) = x + 13*x + 12*x + 14 - 16*x. List the prime factors of q(6).
2, 37
Let c(a) be the third derivative of a**6/120 + 13*a**5/60 + 2*a**3/3 + 5*a**2. Let u be c(-13). Let o(f) = f**2 - 4*f + 5. What are the prime factors of o(u)?
5
Suppose -3*o + b 